 be (-54)/(-8) + 5/20. Let o = 11 - r. Suppose -o*t - a = -569, 4*t - 727 = -t + 4*a. Is t a prime number?
False
Let l = -5798 + 9771. Is l a composite number?
True
Let i(q) = -2*q**3 + 152*q**2 - 151*q + 11. Is i(72) a prime number?
False
Is 118848/4 + -14 + 5 a composite number?
True
Let i be (-9)/(-18) + 134/(-4). Let q = 27 + i. Is 21 + 9/(27/q) a composite number?
False
Let h(i) = 6*i**2 - i + 8*i**2 + i**2 - 1 - 6. Is h(-3) composite?
False
Suppose 0 = 3*m - 1 - 20. Is 10305/21 + 2/m a composite number?
False
Let b = 17 + 1. Is (1 - 0)/(b/19566) composite?
False
Let u(f) = -3*f**3 - 2*f - 1. Let q be u(-1). Let j be 3/2 - q/(-8). Suppose -4*g = -5*n + 259, 4*g + 4 = -j*n + 102. Is n a composite number?
True
Suppose -2*g - 8 = 2*c - 3*c, -4*g = -c + 14. Let v(h) = 98*h + 5. Let i be v(g). Is i*-1*(1 + 0) composite?
True
Let n = 500 + -200. Let f = 1031 - n. Is f composite?
True
Suppose 0 = m - 3*c + 4*c - 26, m - 3*c = 34. Let l = -13 + m. Is 628/(-10)*l/(-6) composite?
False
Let l be 2/(-2)*-1*5. Let p(a) be the third derivative of a**6/120 - a**5/30 - a**4/12 - 2*a**2 + 23*a. Is p(l) a composite number?
True
Suppose 8*c + 14*c = 19162. Is c prime?
False
Let l be 753/(44/40 - 2/(-5)). Suppose 112*u = 114*u - l. Is u prime?
True
Let c(o) = -22*o**3 + 7*o**2 - 4*o + 5. Let r(z) = z**2 + z - 6. Let f be r(0). Is c(f) a composite number?
True
Let g(t) = t**3 + 12*t**2 + t + 10. Let q be -2 + 24/(-3) - 2. Let u be g(q). Is (-3)/(-3) - (u - 412) composite?
True
Suppose -5*m - n + 14 = 3*n, -3*n = -3. Suppose m*v = 3*q + v - 15, -2*q + 3 = -3*v. Suppose q*z - z = 175. Is z composite?
True
Let g(i) = 8*i**2 + i - 3. Let a(u) = u**3 + 7*u**2 - 8*u + 1. Let r be a(-8). Suppose -5*v = -3*c + 11, 4*v + 13 + r = 5*c. Is g(c) a composite number?
False
Suppose 9*d = 1483 + 110. Is d a prime number?
False
Suppose 4*d = -4*d - 520. Is -1893*(13/d)/((-3)/(-5)) a prime number?
True
Suppose 21 = 5*v + q, 3*v + 2*q - q = 11. Suppose -3*l - 15 = -i, l - 58 = -v*i - l. Is ((-207)/i)/(1/(-4)) prime?
False
Let n(h) = -25*h - 47. Let v(s) = 124*s + 234. Let l(r) = -11*n(r) - 2*v(r). Is l(6) composite?
False
Suppose 3*y + 0*x - 32 = -4*x, -10 = -2*x. Suppose g + 152 = y*v, -4*v + 5*g = -0*v - 152. Is 0 + v + 3 + -3 prime?
False
Let g(f) = 14*f**2 + f + 2. Let u be g(2). Suppose 0 = b + 3*z - 16, 11*b + 5*z = 10*b + 24. Suppose 544 - u = b*d. Is d composite?
True
Suppose -202 + 13612 = 2*u + 4*v, u + 3*v - 6703 = 0. Is u composite?
False
Let g be (-8085)/(-63) - (-1)/(-3). Suppose -h + g = 5*m - 198, -5*h + 4*m + 1659 = 0. Is h prime?
True
Let x = 14 - 9. Suppose -3*v + x*i = -8*v - 45, v - 2*i = -9. Let q = 202 - v. Is q prime?
True
Suppose 0 = -44*u + 199041 + 600923. Is u a prime number?
True
Is ((-12)/18)/(2 + 79184/(-39588)) a prime number?
True
Let n be -71446 - (-2 + 2 + -4). Is n/(-35) - ((-4)/5 - -1) prime?
False
Let t(o) = -2*o + 2. Let s be t(4). Let q be 79 + (-3)/s*-2. Suppose -4*y = 2*n - q - 48, 3*n - y - 210 = 0. Is n prime?
False
Let h = 1551 + -1039. Let a = h + 185. Is a a prime number?
False
Suppose -2 = 2*q, -s - s + q = -2079. Is s prime?
True
Suppose 0 = 10*b + 96 - 26. Let r(u) = -121*u + 72. Is r(b) a composite number?
False
Is (-162)/(-2511) - 53907/(-31) composite?
True
Suppose 36*g = 53*g - 13821. Is g composite?
True
Let d = -473 + 803. Is 2/(-2) - (12 - d) composite?
False
Let d be 12/14 + 3/21. Let k be -3*(d*-4 + 3). Suppose 3*a + 4*b = k*b + 115, -173 = -5*a + 3*b. Is a composite?
False
Let b be ((-4)/(-10))/(10964/2740 - 4). Suppose -3*z + 828 - b = 4*h, 4*h = 5*z - 870. Is z prime?
False
Let y be -7 - -8*(-3)/(-6). Is -6 + (0 - y) - -40 a composite number?
False
Let z = -28 + 8. Let d be (-1048)/(-10) - 4/z. Let f = d + 10. Is f prime?
False
Suppose -2*f = 2*s - f + 1478, 4*f = 8. Let j = s - -2745. Is j prime?
False
Let u = -1925 - 2136. Let c = -1846 - u. Is c composite?
True
Suppose -75*t + 79*t - 37532 = 0. Is t a composite number?
True
Suppose 12*v - 2979 = 9*v. Is v a prime number?
False
Let a(v) = -5*v**3 + 8*v**2 - 11*v + 1. Let f(x) = -x**3 - x**2 + x + 1. Let j(k) = -a(k) - 6*f(k). Is j(5) a composite number?
True
Let y(p) = -p - 5. Let g(r) = r**3 - 2*r**2 - r - 1. Let u be g(3). Let o be y(u). Is (-5)/o + 516/8 composite?
True
Let d(g) = -13*g + 18*g**2 + 20*g - 6*g**2 + g**3 + 7*g + 6. Is d(-9) composite?
True
Suppose 0*z = -d + 4*z - 166, -3*d = -3*z + 480. Let c = 230 + d. Suppose -4*o - r = -2*r - c, 3*o - 77 = -5*r. Is o a composite number?
False
Let b = 3065 - 1626. Is b a prime number?
True
Let c(t) = 2*t + 10. Let l be c(-5). Suppose -r + 6 = -l. Is 1581/r + 1/(-2) a prime number?
True
Let q(g) = 9*g**2 - 22*g + 47. Let y be q(21). Suppose 0 = 3*j - 2*d - 3609, d + 52 = 3*j - y. Is j composite?
False
Let v be ((-1185)/10)/((-3)/272). Suppose -2*t = -6*a + 2*a + 42984, 0 = -a + t + v. Suppose 0*f + a = 5*n - f, 10733 = 5*n + 4*f. Is n prime?
False
Suppose 5*c + 5*s - 132745 = 0, 4574 + 128191 = 5*c - 5*s. Is c a prime number?
False
Let i(p) = -40*p**2 - 15*p + 14. Let t(r) = 13*r**2 + 5*r - 5. Let k(s) = -6*i(s) - 17*t(s). Is k(5) prime?
False
Let f = -472 - -2109. Is f a prime number?
True
Suppose -h - 6 = -7. Let a be -2 + h*(3 - 3). Is a/(-4 - 708/(-178)) composite?
False
Let u = -8 - -6. Let m = u - -1. Let g(l) = -6*l + 1. Is g(m) composite?
False
Let y = 1337 + -1123. Is y composite?
True
Suppose 9*l - 12*l = -6366. Is l a prime number?
False
Let k(d) = 12*d**3 + 6*d**2 + 12*d + 5. Is k(9) composite?
True
Let j(n) = -137*n. Let z = -25 - -20. Is j(z) composite?
True
Let v be 16/(-12) + 2/6. Is (-76)/v - (0 + -3) prime?
True
Let l(u) be the second derivative of -u**5/20 + 7*u**4/12 + u**3/6 + 2*u**2 + 15*u. Is l(7) composite?
False
Let v be (-2 + -1)*-1 - -11. Let d be 2*v/12*3. Is 2865/d + 10/(-35) composite?
False
Let t(i) = -3*i**3 + 15*i**2 + 21*i + 50. Is t(-11) composite?
True
Suppose -3*b + 1464 = -3*o, -b - 725 = 2*o + 260. Let f = o + 1948. Is f a prime number?
False
Let a = 987 - 1695. Let t = -383 - a. Suppose -t = -l + 94. Is l composite?
False
Let s(y) = 2*y**2 + 13*y - 4. Let u be s(-7). Is 2*1006/2 + u a composite number?
False
Let w(s) = -4*s**2 + 9*s - 3. Let y be w(6). Let b = -52 - y. Let x = b + -22. Is x prime?
True
Let c = -2300 + 3613. Is c prime?
False
Let w(g) = -1118*g**3 - g**2 + 6*g + 5. Let z be w(-2). Let c = z - 5140. Is c prime?
True
Let u be 13496/(-13) + (-10)/(-65). Let i be u/(-10) + (-13)/(-65). Suppose g - i = -3*g. Is g composite?
True
Let p be 0*(-2)/(-6) - -2. Let c(g) = 3 + 13*g**2 + 0 - 3*g**p. Is c(3) composite?
True
Let y(f) = -229*f + 46. Is y(-7) a prime number?
False
Let t be (-4)/(-6) + (-2 - (-12)/9). Let s = t + 79. Is s prime?
True
Let v(k) = -43*k - 3. Suppose 0 = -g - 2*l - 7, 5*l = -g - 0*l - 22. Suppose -g*y = -6*y - 6. Is v(y) prime?
True
Suppose -i + b + 312 = 0, 3*b - 332 + 1575 = 4*i. Is i prime?
True
Let x(n) = -4*n - 2. Let s be x(-2). Suppose 15 = -t + 5*o, -s*t - 3*o + 32 = -2*t. Is (1497/(-6))/(t/(-10)) a prime number?
True
Let s be (-225)/(-63) - 3/(-7). Suppose s*y - 5*y = -178. Is (-3)/6*-1*y a composite number?
False
Let d be -1 + 0 - (-7 - 0). Suppose 9*l - d*l = 1491. Is l a composite number?
True
Suppose 0 = -5*f + 4*q + 139, -3*f + 28 = -2*f - q. Let i be 0*(f/6 + -4). Suppose 5*r + n = 6*n + 435, i = -r - 2*n + 87. Is r a composite number?
True
Let g(i) = 44*i - 17*i + 2 - 2*i. Let m = -4 + 7. Is g(m) prime?
False
Suppose 7*u - 546 = -0*u. Suppose 0 = 3*p - 3261 + u. Is p a prime number?
True
Suppose -2*l - 10090 = -4*a, a - 5*l - 388 - 2148 = 0. Is a prime?
True
Let d = 45 + -43. Is 354 - -3*d/(-6) a prime number?
True
Let l be 31676/18 + 14/63. Let h = l - 693. Is h prime?
False
Let r(y) = 35*y**2 + 145*y - 29. Is r(-40) prime?
False
Suppose 10*o + 58169 = 197799. Is o composite?
False
Suppose 0 = -p + 3*b - 2*b - 1418, -5*p = b + 7108. Let s = 2602 + p. Is s prime?
True
Suppose -34*c + 5227 = -6163. Is c composite?
True
Suppose -3*b = -15159 - 32646. Suppose 0 = -5*p + b - 5140. Is p a prime number?
False
Let b = -1224 + 1897. Is b a composite number?
False
Let j(g) = 174*g**2 + 18*g - 79. Is j(7) composite?
False
Let t be 573/12 - 1/(-4). Suppose -n + t = n. Is (n/36)/((-2)/(-381)) a composite number?
False
Suppose 1779*q - 1